f 1020 and 17.
17
Calculate the greatest common divisor of 66 and 48.
6
Calculate the highest common factor of 60 and 60.
60
What is the greatest common divisor of 2904 and 6171?
363
What is the greatest common divisor of 126 and 2394?
126
What is the highest common divisor of 232 and 29?
29
Calculate the greatest common divisor of 108 and 36.
36
What is the highest common divisor of 3830 and 10?
10
What is the greatest common divisor of 901 and 477?
53
What is the greatest common divisor of 84 and 492?
12
Calculate the highest common factor of 3638 and 214.
214
Calculate the highest common divisor of 98 and 1666.
98
Calculate the greatest common factor of 539 and 77.
77
What is the greatest common divisor of 25 and 295?
5
What is the highest common factor of 800 and 860?
20
Calculate the greatest common divisor of 32 and 864.
32
What is the highest common factor of 231 and 99?
33
What is the greatest common divisor of 20163 and 429?
429
Calculate the highest common factor of 21 and 30.
3
What is the greatest common divisor of 110 and 10?
10
What is the greatest common factor of 2608 and 815?
163
What is the greatest common divisor of 52 and 78?
26
What is the greatest common divisor of 32 and 352?
32
What is the greatest common divisor of 282 and 8883?
141
Calculate the highest common divisor of 20 and 150.
10
What is the greatest common divisor of 931 and 147?
49
Calculate the highest common factor of 64 and 704.
64
Calculate the greatest common divisor of 69 and 16077.
69
What is the highest common divisor of 6447 and 21?
21
What is the greatest common factor of 902 and 88?
22
What is the greatest common factor of 1215 and 60?
15
Calculate the highest common divisor of 133 and 7.
7
Calculate the highest common factor of 273 and 21.
21
Calculate the highest common divisor of 1431 and 108.
27
Calculate the greatest common divisor of 2322 and 54.
54
Calculate the highest common divisor of 9 and 10359.
9
Calculate the greatest common factor of 610 and 5.
5
Calculate the greatest common divisor of 119 and 2601.
17
What is the highest common divisor of 6 and 2?
2
What is the greatest common divisor of 48 and 1168?
16
Calculate the highest common factor of 2338 and 14.
14
Calculate the greatest common factor of 1456 and 224.
112
What is the greatest common divisor of 729 and 27?
27
Calculate the highest common divisor of 100 and 180.
20
Calculate the highest common factor of 54 and 774.
18
Calculate the highest common divisor of 113 and 5.
1
Calculate the highest common factor of 50 and 130.
10
Calculate the highest common factor of 190 and 40.
10
What is the greatest common divisor of 581 and 7?
7
Calculate the greatest common divisor of 133 and 152.
19
Calculate the highest common divisor of 201 and 3.
3
What is the highest common divisor of 10 and 2995?
5
What is the highest common factor of 42 and 11298?
42
Calculate the highest common factor of 65 and 8255.
65
What is the highest common divisor of 2119 and 6683?
163
What is the highest common divisor of 221 and 51?
17
What is the greatest common divisor of 3058 and 22?
22
What is the highest common factor of 28 and 20566?
14
What is the highest common factor of 882 and 90?
18
Calculate the greatest common divisor of 825 and 66.
33
Calculate the greatest common divisor of 5200 and 130.
130
Calculate the greatest common divisor of 39 and 8697.
39
Calculate the highest common factor of 765 and 15.
15
What is the highest common factor of 1845 and 1305?
45
Calculate the greatest common factor of 92 and 414.
46
What is the highest common factor of 61042 and 46?
46
Calculate the highest common factor of 2256 and 672.
48
What is the greatest common divisor of 2926 and 42?
14
What is the highest common factor of 644 and 63?
7
What is the greatest common divisor of 205 and 65?
5
Calculate the greatest common divisor of 48 and 32.
16
What is the greatest common divisor of 13 and 52?
13
Calculate the highest common divisor of 17 and 357.
17
What is the greatest common factor of 4 and 196?
4
What is the highest common divisor of 955 and 35?
5
Calculate the greatest common divisor of 189 and 18.
9
What is the highest common divisor of 225 and 250?
25
What is the greatest common factor of 100 and 1210?
10
What is the highest common factor of 117 and 65?
13
Calculate the highest common divisor of 24 and 640.
8
Calculate the highest common factor of 68 and 493.
17
What is the highest common divisor of 60 and 28500?
60
Calculate the greatest common factor of 130 and 442.
26
Calculate the greatest common factor of 26 and 422.
2
What is the highest common factor of 680 and 272?
136
What is the highest common divisor of 18417 and 21?
21
What is the greatest common factor of 750 and 590?
10
What is the greatest common factor of 1832 and 16?
8
What is the highest common divisor of 56 and 104?
8
What is the highest common factor of 2256 and 48?
48
Calculate the highest common factor of 72 and 2448.
72
Calculate the highest common factor of 1730 and 580.
10
Calculate the highest common divisor of 28 and 4.
4
Calculate the greatest common factor of 2752 and 64.
64
What is the highest common divisor of 424 and 3286?
106
What is the greatest common factor of 6222 and 102?
102
Calculate the greatest common divisor of 11132 and 69.
23
What is the greatest common factor of 1173 and 51?
51
Calculate the greatest common divisor of 855 and 7030.
95
Calculate the highest common factor of 125 and 1425.
25
Calculate the greatest common factor of 140 and 770.
70
Calculate the highest common divisor of 1942 and 2.
2
Calculate the highest common factor of 535 and 5.
5
What is the highest common factor of 1 and 1849?
1
Calculate the greatest common factor of 99 and 1494.
9
What is the greatest common factor of 98 and 1638?
14
Calculate the greatest common factor of 1507 and 411.
137
Calculate the greatest common divisor of 296 and 518.
74
What is the greatest common divisor of 132 and 561?
33
What is the highest common divisor of 24 and 24?
24
What is the greatest common factor of 33 and 8096?
11
What is the highest common factor of 1728 and 1536?
192
What is the greatest common divisor of 104 and 624?
104
What is the highest common divisor of 120 and 168?
24
What is the highest common factor of 122 and 7747?
61
Calculate the greatest common divisor of 1573 and 91.
13
Calculate the highest common factor of 781 and 77.
11
What is the highest common divisor of 23187 and 354?
177
What is the highest common factor of 6554 and 928?
58
What is the greatest common factor of 5 and 295?
5
Calculate the highest common divisor of 4120 and 320.
40
What is the highest common factor of 1524 and 12?
12
Calculate the highest common factor of 48 and 240.
48
What is the highest common divisor of 3240 and 3672?
216
What is the greatest common divisor of 483 and 4025?
161
Calculate the highest common divisor of 28 and 21.
7
Calculate the highest common divisor of 115 and 138.
23
Calculate the highest common divisor of 216 and 60156.
108
Calculate the highest common divisor of 340 and 60.
20
What is the highest common divisor of 27 and 126?
9
Calculate the highest common divisor of 713 and 46.
23
Calculate the highest common divisor of 7 and 6.
1
Calculate the highest common factor of 29 and 12383.
29
Calculate the greatest common factor of 8 and 3680.
8
What is the greatest common divisor of 72 and 192?
24
Calculate the highest common factor of 68 and 4.
4
Calculate the highest common divisor of 341 and 31.
31
Calculate the greatest common factor of 1 and 52.
1
Calculate the highest common factor of 110 and 154.
22
What is the highest common divisor of 46 and 230?
46
What is the greatest common divisor of 7548 and 24?
12
Calculate the highest common divisor of 5902 and 1135.
227
What is the greatest common divisor of 96 and 816?
48
Calculate the highest common factor of 5690 and 10.
10
What is the greatest common factor of 12122 and 22?
22
What is the highest common factor of 4182 and 12?
6
What is the greatest common factor of 56 and 1512?
56
What is the highest common factor of 330 and 264?
66
What is the greatest common divisor of 230 and 2162?
46
Calculate the greatest common factor of 448 and 3248.
112
Calculate the greatest common factor of 